{"id":10,"date":"2007-12-05T11:43:48","date_gmt":"2007-12-05T10:43:48","guid":{"rendered":"http:\/\/www.tushita.com\/blog\/messen\/"},"modified":"2022-10-12T15:32:11","modified_gmt":"2022-10-12T13:32:11","slug":"messen","status":"publish","type":"page","link":"http:\/\/www.tushita.com\/blog2\/messen\/","title":{"rendered":"Messen\/Fairs"},"content":{"rendered":"<span class='wp-content-mark' id='wp-content-1'><\/span><p>&nbsp;<\/p>\n<div lang=\"de\">\n<h2>Sie finden uns auf folgenden Messen im In- und Ausland<\/h2>\n<\/div>\n<div lang=\"en\">\n<h2>You will find us at the following exhibitions at home and abroad<\/h2>\n<\/div>\n<div lang=\"fr\">\n<h2>Vous nous trouverez sur les salons suivants \u00e0 la maison et \u00e0 l&#8217;\u00e9tranger<\/h2>\n<\/div>\n<h2><strong>2022<\/strong><\/h2>\n<p><strong>Frankfurter Buchmesse<\/strong> \u2013 Frankfurt<br \/>\n18.\u201323. Oktober 2022<br \/>\nHalle 3.1 \u00b7 Stand G 13<\/p>\n<p>&nbsp;<\/p>\n","protected":false},"excerpt":{"rendered":"<p>&nbsp; Sie finden uns auf folgenden Messen im In- und Ausland You will find us at the following exhibitions at home and abroad Vous nous trouverez sur les salons suivants \u00e0 la maison et \u00e0 l&#8217;\u00e9tranger 2022 Frankfurter Buchmesse \u2013 Frankfurt 18.\u201323. Oktober 2022 Halle 3.1 \u00b7 Stand G 13 &nbsp;<\/p>\n","protected":false},"author":1,"featured_media":0,"parent":0,"menu_order":80,"comment_status":"closed","ping_status":"closed","template":"","meta":{"ngg_post_thumbnail":0},"_links":{"self":[{"href":"http:\/\/www.tushita.com\/blog2\/wp-json\/wp\/v2\/pages\/10"}],"collection":[{"href":"http:\/\/www.tushita.com\/blog2\/wp-json\/wp\/v2\/pages"}],"about":[{"href":"http:\/\/www.tushita.com\/blog2\/wp-json\/wp\/v2\/types\/page"}],"author":[{"embeddable":true,"href":"http:\/\/www.tushita.com\/blog2\/wp-json\/wp\/v2\/users\/1"}],"replies":[{"embeddable":true,"href":"http:\/\/www.tushita.com\/blog2\/wp-json\/wp\/v2\/comments?post=10"}],"version-history":[{"count":80,"href":"http:\/\/www.tushita.com\/blog2\/wp-json\/wp\/v2\/pages\/10\/revisions"}],"predecessor-version":[{"id":4005,"href":"http:\/\/www.tushita.com\/blog2\/wp-json\/wp\/v2\/pages\/10\/revisions\/4005"}],"wp:attachment":[{"href":"http:\/\/www.tushita.com\/blog2\/wp-json\/wp\/v2\/media?parent=10"}],"curies":[{"name":"wp","href":"https:\/\/api.w.org\/{rel}","templated":true}]}}