{"id":3003,"date":"2016-08-05T13:33:03","date_gmt":"2016-08-05T11:33:03","guid":{"rendered":"http:\/\/www.tushita.com\/blog2\/?page_id=3003"},"modified":"2019-11-26T12:47:38","modified_gmt":"2019-11-26T11:47:38","slug":"karriere","status":"publish","type":"page","link":"http:\/\/www.tushita.com\/blog2\/karriere\/","title":{"rendered":"Karriere"},"content":{"rendered":"<span class='wp-content-mark' id='wp-content-1'><\/span><h1 class=\"boxheader\">Weiterkommen im TUSHITA Verlag<\/h1>\n<div class=\"boxbody\">\n<p class=\"center\">Handeslvertreter (m\/w) f\u00fcr den Vertrieb\/Au\u00dfendienst Deutschlandweit und \u00d6sterreich f\u00fcr expandierenden Karten- und Kalenderverlag gesucht!<br \/>\nF\u00fcr unsere Kunden im PBS-Bereich als auch im Buchhandel suchen wir motivierte Handelsvertreter die unser erfolgreiches Kartenprogramm sowie unsere riesige Kalenderauswahl vertreiben m\u00f6chten.<\/p>\n<p><strong>F\u00fchlen Sie sich angesprochen?<\/strong><br \/>\nDann freuen wir uns auf Ihre Bewerbung an folgende eMail-Adresse:<br \/>\n<strong>info@tushita.de<\/strong><\/p>\n<\/div>\n","protected":false},"excerpt":{"rendered":"<p>Weiterkommen im TUSHITA Verlag Handeslvertreter (m\/w) f\u00fcr den Vertrieb\/Au\u00dfendienst Deutschlandweit und \u00d6sterreich f\u00fcr expandierenden Karten- und Kalenderverlag gesucht! F\u00fcr unsere Kunden im PBS-Bereich als auch im Buchhandel suchen wir motivierte Handelsvertreter die unser erfolgreiches Kartenprogramm sowie unsere riesige Kalenderauswahl vertreiben m\u00f6chten. F\u00fchlen Sie sich angesprochen? Dann freuen wir uns auf Ihre Bewerbung an folgende eMail-Adresse: &hellip; <\/p>\n<p class=\"link-more\"><a href=\"http:\/\/www.tushita.com\/blog2\/karriere\/\" class=\"more-link\"><span class=\"screen-reader-text\">\u201eKarriere\u201c<\/span> weiterlesen<\/a><\/p>\n","protected":false},"author":1,"featured_media":0,"parent":0,"menu_order":0,"comment_status":"closed","ping_status":"closed","template":"","meta":{"ngg_post_thumbnail":0},"_links":{"self":[{"href":"http:\/\/www.tushita.com\/blog2\/wp-json\/wp\/v2\/pages\/3003"}],"collection":[{"href":"http:\/\/www.tushita.com\/blog2\/wp-json\/wp\/v2\/pages"}],"about":[{"href":"http:\/\/www.tushita.com\/blog2\/wp-json\/wp\/v2\/types\/page"}],"author":[{"embeddable":true,"href":"http:\/\/www.tushita.com\/blog2\/wp-json\/wp\/v2\/users\/1"}],"replies":[{"embeddable":true,"href":"http:\/\/www.tushita.com\/blog2\/wp-json\/wp\/v2\/comments?post=3003"}],"version-history":[{"count":10,"href":"http:\/\/www.tushita.com\/blog2\/wp-json\/wp\/v2\/pages\/3003\/revisions"}],"predecessor-version":[{"id":3967,"href":"http:\/\/www.tushita.com\/blog2\/wp-json\/wp\/v2\/pages\/3003\/revisions\/3967"}],"wp:attachment":[{"href":"http:\/\/www.tushita.com\/blog2\/wp-json\/wp\/v2\/media?parent=3003"}],"curies":[{"name":"wp","href":"https:\/\/api.w.org\/{rel}","templated":true}]}}